{"id":12,"date":"2026-02-09T09:39:47","date_gmt":"2026-02-09T09:39:47","guid":{"rendered":"https:\/\/demaillestudio.codephenix.fr\/?page_id=12"},"modified":"2026-04-14T10:18:37","modified_gmt":"2026-04-14T10:18:37","slug":"accueil-notre-histoire","status":"publish","type":"page","link":"https:\/\/demaillestudio.codephenix.fr\/","title":{"rendered":"D\u00e9maill\u00e9 studio"},"content":{"rendered":"\t\t<div data-elementor-type=\"wp-page\" data-elementor-id=\"12\" class=\"elementor elementor-12\">\n\t\t\t\t<div class=\"elementor-element elementor-element-ae486ce e-con-full e-flex e-con e-parent\" data-id=\"ae486ce\" data-element_type=\"container\" data-e-type=\"container\">\n\t\t<div class=\"elementor-element elementor-element-22d6242 e-con-full e-flex e-con e-child\" data-id=\"22d6242\" data-element_type=\"container\" data-e-type=\"container\">\n\t\t\t\t<div class=\"elementor-element elementor-element-3ef0ada elementor-widget__width-inherit elementor-widget elementor-widget-html\" data-id=\"3ef0ada\" data-element_type=\"widget\" data-e-type=\"widget\" data-widget_type=\"html.default\">\n\t\t\t\t\t\n<div class=\"contain\">\n<div class=\"accueil-legende-photo\"><figure class=\"gallery\"><img decoding=\"async\" class=\"image\" style=\"width: 100%\" src=\"https:\/\/demaillestudio.codephenix.fr\/wp-content\/uploads\/2026\/03\/ifmparisaw26116-60ba08c4401f06296ace-scaled.jpg\"\/>\n<figcaption class=\"legende\"><p>Robe tricot\u00e9e pour Jonathan Change<\/p><p>Mars 2026<\/p><p>\nPort\u00e9e par<\/p><\/figcaption><\/figure><\/div>\n<div class=\"accueil-legende-photo\"><figure class=\"gallery\"><img decoding=\"async\" class=\"image\" style=\"width: 100%\" src=\"https:\/\/demaillestudio.codephenix.fr\/wp-content\/uploads\/2026\/03\/IMG_6671-scaled.jpg\"\/>\n<figcaption class=\"legende\"><p>Body tricot\u00e9e pour Neza Dapcevic<\/p><p>Mars 2026<\/p><p>\nPort\u00e9e par Rachida Bokit<\/p><\/figcaption><\/figure><\/div>\n<\/div>\t\t\t\t<\/div>\n\t\t\t\t<\/div>\n\t\t\t\t<\/div>\n\t\t<div class=\"elementor-element elementor-element-41f39f8 e-con-full e-flex e-con e-parent\" data-id=\"41f39f8\" data-element_type=\"container\" data-e-type=\"container\">\n\t\t\t\t<div class=\"elementor-element elementor-element-97ceb93 elementor-widget__width-inherit elementor-widget elementor-widget-html\" data-id=\"97ceb93\" data-element_type=\"widget\" data-e-type=\"widget\" data-widget_type=\"html.default\">\n\t\t\t\t\t<div class=\"accueil-legende-photo\"><figure class=\"gallery\"><img decoding=\"async\" class=\"image\" style=\"width: 2303px ; heigth: 1760px\" src=\"https:\/\/demaillestudio.codephenix.fr\/wp-content\/uploads\/2026\/03\/IMG_6729.jpg\"\/>\n<figcaption class=\"legende\"><p>Robe tricot\u00e9e pour Victoria Valette<\/p><p>FW 2026\/2027<\/p><p>\nPhotographi\u00e9 par Riccardo Neves\nPort\u00e9e par Albane Gayet<\/p><\/figcaption><\/figure><\/div>\t\t\t\t<\/div>\n\t\t\t\t<\/div>\n\t\t\t\t<\/div>\n\t\t","protected":false},"excerpt":{"rendered":"<p>Robe tricot\u00e9e pour Jonathan Change Mars 2026 Port\u00e9e par Body tricot\u00e9e pour Neza Dapcevic Mars 2026 Port\u00e9e par Rachida Bokit [&hellip;]<\/p>\n","protected":false},"author":1,"featured_media":0,"parent":0,"menu_order":0,"comment_status":"closed","ping_status":"closed","template":"","meta":{"site-sidebar-layout":"no-sidebar","site-content-layout":"","ast-site-content-layout":"full-width-container","site-content-style":"default","site-sidebar-style":"default","ast-global-header-display":"","ast-banner-title-visibility":"","ast-main-header-display":"","ast-hfb-above-header-display":"","ast-hfb-below-header-display":"","ast-hfb-mobile-header-display":"","site-post-title":"","ast-breadcrumbs-content":"","ast-featured-img":"disabled","footer-sml-layout":"","ast-disable-related-posts":"","theme-transparent-header-meta":"","adv-header-id-meta":"","stick-header-meta":"","header-above-stick-meta":"","header-main-stick-meta":"","header-below-stick-meta":"","astra-migrate-meta-layouts":"default","ast-page-background-enabled":"default","ast-page-background-meta":{"desktop":{"background-color":"var(--ast-global-color-5)","background-image":"","background-repeat":"repeat","background-position":"center center","background-size":"auto","background-attachment":"scroll","background-type":"","background-media":"","overlay-type":"","overlay-color":"","overlay-opacity":"","overlay-gradient":""},"tablet":{"background-color":"","background-image":"","background-repeat":"repeat","background-position":"center center","background-size":"auto","background-attachment":"scroll","background-type":"","background-media":"","overlay-type":"","overlay-color":"","overlay-opacity":"","overlay-gradient":""},"mobile":{"background-color":"","background-image":"","background-repeat":"repeat","background-position":"center center","background-size":"auto","background-attachment":"scroll","background-type":"","background-media":"","overlay-type":"","overlay-color":"","overlay-opacity":"","overlay-gradient":""}},"ast-content-background-meta":{"desktop":{"background-color":"var(--ast-global-color-4)","background-image":"","background-repeat":"repeat","background-position":"center center","background-size":"auto","background-attachment":"scroll","background-type":"","background-media":"","overlay-type":"","overlay-color":"","overlay-opacity":"","overlay-gradient":""},"tablet":{"background-color":"var(--ast-global-color-4)","background-image":"","background-repeat":"repeat","background-position":"center center","background-size":"auto","background-attachment":"scroll","background-type":"","background-media":"","overlay-type":"","overlay-color":"","overlay-opacity":"","overlay-gradient":""},"mobile":{"background-color":"var(--ast-global-color-4)","background-image":"","background-repeat":"repeat","background-position":"center center","background-size":"auto","background-attachment":"scroll","background-type":"","background-media":"","overlay-type":"","overlay-color":"","overlay-opacity":"","overlay-gradient":""}},"footnotes":""},"class_list":["post-12","page","type-page","status-publish","hentry"],"yoast_head":"<!-- This site is optimized with the Yoast SEO plugin v27.2 - https:\/\/yoast.com\/product\/yoast-seo-wordpress\/ -->\n<title>D\u00e9maill\u00e9 studio - D\u00e9maill\u00e9 studio<\/title>\n<meta name=\"description\" content=\"D\u00e9maill\u00e9 studio - Nous sommes un atelier cr\u00e9atif de maille bas\u00e9 \u00e0 Aubervilliers en r\u00e9gion parisienne. Nous accompagnons nos clients pour d\u00e9velopper des mod\u00e8les tricot\u00e9s.\" \/>\n<meta name=\"robots\" content=\"noindex, follow, max-snippet:-1, max-image-preview:large, max-video-preview:-1\" \/>\n<meta property=\"og:locale\" content=\"fr_FR\" \/>\n<meta property=\"og:type\" content=\"article\" \/>\n<meta property=\"og:title\" content=\"D\u00e9maill\u00e9 studio - D\u00e9maill\u00e9 studio\" \/>\n<meta property=\"og:description\" content=\"D\u00e9maill\u00e9 studio - Nous sommes un atelier cr\u00e9atif de maille bas\u00e9 \u00e0 Aubervilliers en r\u00e9gion parisienne. Nous accompagnons nos clients pour d\u00e9velopper des mod\u00e8les tricot\u00e9s.\" \/>\n<meta property=\"og:url\" content=\"https:\/\/demaillestudio.codephenix.fr\/\" \/>\n<meta property=\"og:site_name\" content=\"D\u00e9maill\u00e9 studio\" \/>\n<meta property=\"article:modified_time\" content=\"2026-04-14T10:18:37+00:00\" \/>\n<meta property=\"og:image\" content=\"https:\/\/demaillestudio.codephenix.fr\/wp-content\/uploads\/2026\/03\/ifmparisaw26116-60ba08c4401f06296ace-scaled.jpg\" \/>\n<meta name=\"twitter:card\" content=\"summary_large_image\" \/>\n<meta name=\"twitter:label1\" content=\"Dur\u00e9e de lecture estim\u00e9e\" \/>\n\t<meta name=\"twitter:data1\" content=\"1 minute\" \/>\n<script type=\"application\/ld+json\" class=\"yoast-schema-graph\">{\"@context\":\"https:\/\/schema.org\",\"@graph\":[{\"@type\":\"WebPage\",\"@id\":\"https:\/\/demaillestudio.codephenix.fr\/\",\"url\":\"https:\/\/demaillestudio.codephenix.fr\/\",\"name\":\"D\u00e9maill\u00e9 studio - D\u00e9maill\u00e9 studio\",\"isPartOf\":{\"@id\":\"https:\/\/demaillestudio.codephenix.fr\/#website\"},\"primaryImageOfPage\":{\"@id\":\"https:\/\/demaillestudio.codephenix.fr\/#primaryimage\"},\"image\":{\"@id\":\"https:\/\/demaillestudio.codephenix.fr\/#primaryimage\"},\"thumbnailUrl\":\"https:\/\/demaillestudio.codephenix.fr\/wp-content\/uploads\/2026\/03\/ifmparisaw26116-60ba08c4401f06296ace-scaled.jpg\",\"datePublished\":\"2026-02-09T09:39:47+00:00\",\"dateModified\":\"2026-04-14T10:18:37+00:00\",\"description\":\"D\u00e9maill\u00e9 studio - Nous sommes un atelier cr\u00e9atif de maille bas\u00e9 \u00e0 Aubervilliers en r\u00e9gion parisienne. Nous accompagnons nos clients pour d\u00e9velopper des mod\u00e8les tricot\u00e9s.\",\"breadcrumb\":{\"@id\":\"https:\/\/demaillestudio.codephenix.fr\/#breadcrumb\"},\"inLanguage\":\"fr-FR\",\"potentialAction\":[{\"@type\":\"ReadAction\",\"target\":[\"https:\/\/demaillestudio.codephenix.fr\/\"]}]},{\"@type\":\"ImageObject\",\"inLanguage\":\"fr-FR\",\"@id\":\"https:\/\/demaillestudio.codephenix.fr\/#primaryimage\",\"url\":\"https:\/\/demaillestudio.codephenix.fr\/wp-content\/uploads\/2026\/03\/ifmparisaw26116-60ba08c4401f06296ace-scaled.jpg\",\"contentUrl\":\"https:\/\/demaillestudio.codephenix.fr\/wp-content\/uploads\/2026\/03\/ifmparisaw26116-60ba08c4401f06296ace-scaled.jpg\"},{\"@type\":\"BreadcrumbList\",\"@id\":\"https:\/\/demaillestudio.codephenix.fr\/#breadcrumb\",\"itemListElement\":[{\"@type\":\"ListItem\",\"position\":1,\"name\":\"Accueil\",\"item\":\"https:\/\/demaillestudio.codephenix.fr\/\"},{\"@type\":\"ListItem\",\"position\":2,\"name\":\"D\u00e9maill\u00e9 studio\"}]},{\"@type\":\"WebSite\",\"@id\":\"https:\/\/demaillestudio.codephenix.fr\/#website\",\"url\":\"https:\/\/demaillestudio.codephenix.fr\/\",\"name\":\"D\u00e9maill\u00e9\",\"description\":\"Atelier D\u00e9maill\u00e9 cr\u00e9ation maille Aubervilliers Paris\",\"publisher\":{\"@id\":\"https:\/\/demaillestudio.codephenix.fr\/#organization\"},\"potentialAction\":[{\"@type\":\"SearchAction\",\"target\":{\"@type\":\"EntryPoint\",\"urlTemplate\":\"https:\/\/demaillestudio.codephenix.fr\/?s={search_term_string}\"},\"query-input\":{\"@type\":\"PropertyValueSpecification\",\"valueRequired\":true,\"valueName\":\"search_term_string\"}}],\"inLanguage\":\"fr-FR\"},{\"@type\":\"Organization\",\"@id\":\"https:\/\/demaillestudio.codephenix.fr\/#organization\",\"name\":\"Atelier D\u00e9maill\u00e9\",\"alternateName\":\"D\u00e9maill\u00e9\",\"url\":\"https:\/\/demaillestudio.codephenix.fr\/\",\"logo\":{\"@type\":\"ImageObject\",\"inLanguage\":\"fr-FR\",\"@id\":\"https:\/\/demaillestudio.codephenix.fr\/#\/schema\/logo\/image\/\",\"url\":\"https:\/\/demaillestudio.codephenix.fr\/wp-content\/uploads\/2026\/04\/cropped-cropped-cropped-Demaille-Logo-Black-scaled-1.png\",\"contentUrl\":\"https:\/\/demaillestudio.codephenix.fr\/wp-content\/uploads\/2026\/04\/cropped-cropped-cropped-Demaille-Logo-Black-scaled-1.png\",\"width\":2554,\"height\":584,\"caption\":\"Atelier D\u00e9maill\u00e9\"},\"image\":{\"@id\":\"https:\/\/demaillestudio.codephenix.fr\/#\/schema\/logo\/image\/\"},\"sameAs\":[\"https:\/\/www.instagram.com\/demaillestudio\/\",\"https:\/\/fr.linkedin.com\/company\/d\u00e9maill\u00e9\"]}]}<\/script>\n<!-- \/ Yoast SEO plugin. -->","yoast_head_json":{"title":"D\u00e9maill\u00e9 studio - D\u00e9maill\u00e9 studio","description":"D\u00e9maill\u00e9 studio - Nous sommes un atelier cr\u00e9atif de maille bas\u00e9 \u00e0 Aubervilliers en r\u00e9gion parisienne. Nous accompagnons nos clients pour d\u00e9velopper des mod\u00e8les tricot\u00e9s.","robots":{"index":"noindex","follow":"follow","max-snippet":"max-snippet:-1","max-image-preview":"max-image-preview:large","max-video-preview":"max-video-preview:-1"},"og_locale":"fr_FR","og_type":"article","og_title":"D\u00e9maill\u00e9 studio - D\u00e9maill\u00e9 studio","og_description":"D\u00e9maill\u00e9 studio - Nous sommes un atelier cr\u00e9atif de maille bas\u00e9 \u00e0 Aubervilliers en r\u00e9gion parisienne. Nous accompagnons nos clients pour d\u00e9velopper des mod\u00e8les tricot\u00e9s.","og_url":"https:\/\/demaillestudio.codephenix.fr\/","og_site_name":"D\u00e9maill\u00e9 studio","article_modified_time":"2026-04-14T10:18:37+00:00","og_image":[{"url":"https:\/\/demaillestudio.codephenix.fr\/wp-content\/uploads\/2026\/03\/ifmparisaw26116-60ba08c4401f06296ace-scaled.jpg","type":"","width":"","height":""}],"twitter_card":"summary_large_image","twitter_misc":{"Dur\u00e9e de lecture estim\u00e9e":"1 minute"},"schema":{"@context":"https:\/\/schema.org","@graph":[{"@type":"WebPage","@id":"https:\/\/demaillestudio.codephenix.fr\/","url":"https:\/\/demaillestudio.codephenix.fr\/","name":"D\u00e9maill\u00e9 studio - D\u00e9maill\u00e9 studio","isPartOf":{"@id":"https:\/\/demaillestudio.codephenix.fr\/#website"},"primaryImageOfPage":{"@id":"https:\/\/demaillestudio.codephenix.fr\/#primaryimage"},"image":{"@id":"https:\/\/demaillestudio.codephenix.fr\/#primaryimage"},"thumbnailUrl":"https:\/\/demaillestudio.codephenix.fr\/wp-content\/uploads\/2026\/03\/ifmparisaw26116-60ba08c4401f06296ace-scaled.jpg","datePublished":"2026-02-09T09:39:47+00:00","dateModified":"2026-04-14T10:18:37+00:00","description":"D\u00e9maill\u00e9 studio - Nous sommes un atelier cr\u00e9atif de maille bas\u00e9 \u00e0 Aubervilliers en r\u00e9gion parisienne. Nous accompagnons nos clients pour d\u00e9velopper des mod\u00e8les tricot\u00e9s.","breadcrumb":{"@id":"https:\/\/demaillestudio.codephenix.fr\/#breadcrumb"},"inLanguage":"fr-FR","potentialAction":[{"@type":"ReadAction","target":["https:\/\/demaillestudio.codephenix.fr\/"]}]},{"@type":"ImageObject","inLanguage":"fr-FR","@id":"https:\/\/demaillestudio.codephenix.fr\/#primaryimage","url":"https:\/\/demaillestudio.codephenix.fr\/wp-content\/uploads\/2026\/03\/ifmparisaw26116-60ba08c4401f06296ace-scaled.jpg","contentUrl":"https:\/\/demaillestudio.codephenix.fr\/wp-content\/uploads\/2026\/03\/ifmparisaw26116-60ba08c4401f06296ace-scaled.jpg"},{"@type":"BreadcrumbList","@id":"https:\/\/demaillestudio.codephenix.fr\/#breadcrumb","itemListElement":[{"@type":"ListItem","position":1,"name":"Accueil","item":"https:\/\/demaillestudio.codephenix.fr\/"},{"@type":"ListItem","position":2,"name":"D\u00e9maill\u00e9 studio"}]},{"@type":"WebSite","@id":"https:\/\/demaillestudio.codephenix.fr\/#website","url":"https:\/\/demaillestudio.codephenix.fr\/","name":"D\u00e9maill\u00e9","description":"Atelier D\u00e9maill\u00e9 cr\u00e9ation maille Aubervilliers Paris","publisher":{"@id":"https:\/\/demaillestudio.codephenix.fr\/#organization"},"potentialAction":[{"@type":"SearchAction","target":{"@type":"EntryPoint","urlTemplate":"https:\/\/demaillestudio.codephenix.fr\/?s={search_term_string}"},"query-input":{"@type":"PropertyValueSpecification","valueRequired":true,"valueName":"search_term_string"}}],"inLanguage":"fr-FR"},{"@type":"Organization","@id":"https:\/\/demaillestudio.codephenix.fr\/#organization","name":"Atelier D\u00e9maill\u00e9","alternateName":"D\u00e9maill\u00e9","url":"https:\/\/demaillestudio.codephenix.fr\/","logo":{"@type":"ImageObject","inLanguage":"fr-FR","@id":"https:\/\/demaillestudio.codephenix.fr\/#\/schema\/logo\/image\/","url":"https:\/\/demaillestudio.codephenix.fr\/wp-content\/uploads\/2026\/04\/cropped-cropped-cropped-Demaille-Logo-Black-scaled-1.png","contentUrl":"https:\/\/demaillestudio.codephenix.fr\/wp-content\/uploads\/2026\/04\/cropped-cropped-cropped-Demaille-Logo-Black-scaled-1.png","width":2554,"height":584,"caption":"Atelier D\u00e9maill\u00e9"},"image":{"@id":"https:\/\/demaillestudio.codephenix.fr\/#\/schema\/logo\/image\/"},"sameAs":["https:\/\/www.instagram.com\/demaillestudio\/","https:\/\/fr.linkedin.com\/company\/d\u00e9maill\u00e9"]}]}},"_links":{"self":[{"href":"https:\/\/demaillestudio.codephenix.fr\/index.php\/wp-json\/wp\/v2\/pages\/12","targetHints":{"allow":["GET"]}}],"collection":[{"href":"https:\/\/demaillestudio.codephenix.fr\/index.php\/wp-json\/wp\/v2\/pages"}],"about":[{"href":"https:\/\/demaillestudio.codephenix.fr\/index.php\/wp-json\/wp\/v2\/types\/page"}],"author":[{"embeddable":true,"href":"https:\/\/demaillestudio.codephenix.fr\/index.php\/wp-json\/wp\/v2\/users\/1"}],"replies":[{"embeddable":true,"href":"https:\/\/demaillestudio.codephenix.fr\/index.php\/wp-json\/wp\/v2\/comments?post=12"}],"version-history":[{"count":424,"href":"https:\/\/demaillestudio.codephenix.fr\/index.php\/wp-json\/wp\/v2\/pages\/12\/revisions"}],"predecessor-version":[{"id":948,"href":"https:\/\/demaillestudio.codephenix.fr\/index.php\/wp-json\/wp\/v2\/pages\/12\/revisions\/948"}],"wp:attachment":[{"href":"https:\/\/demaillestudio.codephenix.fr\/index.php\/wp-json\/wp\/v2\/media?parent=12"}],"curies":[{"name":"wp","href":"https:\/\/api.w.org\/{rel}","templated":true}]}}